 + -21 + -5
-26
Calculate -3 + 7 + -8 + -28 + -225 + 236.
-21
Evaluate (3 - -19) + -35 - ((-3 - -2) + -1).
-11
Evaluate 14 + (22 - (3 - -43)).
-10
Evaluate (3 - (7 - 2 - -6)) + 5 - 6.
-9
Evaluate -12 + -12 - -20 - (2 - -1).
-7
27 + -36 + 21 + 2
14
Calculate 8 + 24 + -16 + (1 - 6 - 0).
11
What is the value of 40 + -55 + (-4 - (-15 - 1))?
-3
What is the value of -4 + 14 + -6 + 3?
7
Calculate 50 + -50 + (-10 - 13).
-23
What is (48 - 34) + -1 + 8 - 10?
11
What is the value of (15 + -3 - 11) + 0 + 4 + 1?
6
What is (-35 - -14) + -33 - -28?
-26
What is 25 - (12 + 29 + -2)?
-14
Calculate -21 + 2 + (0 - 8 - -5) + 10.
-12
(2 - (4 + -8)) + -4 - -1
3
Calculate (343 - 330) + (3 - ((0 - -1) + -1)).
16
What is -39 + -49 + 3 + 92?
7
What is 24 + -14 - (18 - -4)?
-12
What is 9 - (2 + (0 - -2) + -23)?
28
What is 23 - 3 - (316 - 291)?
-5
Evaluate 3 + -5 + -4 + 5 - (42 - 38).
-5
What is the value of -1 + 0 + (61 - (37 + 10))?
13
Evaluate 7 + (43 - (22 - 9)) - 8.
29
What is the value of 13 - (16 + (-15 - 3))?
15
What is -55 - -40 - (3 + -1 + -36)?
19
Evaluate 0 - 4 - (-2 - -12).
-14
Evaluate 20 + -24 + 7 + 1.
4
(-169 - -180) + 1 + -4 + -11
-3
What is the value of 17 - (2 - 1 - 1) - (244 - 243)?
16
Evaluate -24 - -12 - -7 - (-7 - -2).
0
What is the value of -9 + 33 + (38 - 52)?
10
(100 - 116) + (35 - 2)
17
What is the value of -1 + 18 + (-50 - (-19 + -3))?
-11
21 + (-5 - (3 + -5)) - (216 - 223)
25
Calculate -17 + 2 + 0 + -3 - -10.
-8
Calculate 26 - (-16 - -40) - (-11 + 2 - 1).
12
What is -10 + 19 + -25 + 10 + (-5 - -31)?
20
What is the value of 0 + (-22 - (-16 - -3))?
-9
Evaluate (38 - 44) + -12 - (0 + -6).
-12
What is the value of (-1 - -2 - 1) + (-7 - (-17 + 6))?
4
What is 1 + (0 - -6) + 5 + 0 + -6?
6
What is 0 - (18 + -15 + (5 - 3))?
-5
45 + -22 + (-21 - -4)
6
What is 2 + (1 - (8 - (-12 + 12)))?
-5
Evaluate 2 + 0 + (-2 - (11 - -11)).
-22
What is the value of 14 - (11 + -14 + 15)?
2
What is the value of (3 - (6 + -4 + -4)) + -5 - -10?
10
What is -11 + (5 + 3 - 11) + 14?
0
Calculate 36 + -42 + 20 + 1.
15
Evaluate (11 - 15) + 7 + -11 + 0.
-8
Calculate (43 + -18 - (8 + 1)) + -6.
10
What is the value of (-620 - -580) + (1 - -22)?
-17
What is -1779 + 1780 - ((1 - 0) + -3)?
3
Evaluate (4 - (-7 + -2 + 2)) + -34 + 31.
8
What is (1 + 1 - (-5 - -8)) + 1?
0
Calculate (13 - 15) + (1 + 10 - 3).
6
What is -17 + 3 + -56 + 63?
-7
Calculate 0 - 20 - (28 - (30 - (10 - 4))).
-24
What is 264 - 237 - (11 - -1)?
15
Calculate 21 - (29 - 11) - (-3 + -3).
9
Evaluate -3 - -3 - (-17 - -27) - -9.
-1
Evaluate 0 + -4 + (-14 - (6 + (-15 - -1))).
-10
Evaluate 7 - (-18 + 18 - (-13 + -1)).
-7
What is 0 + (5 - (22 - 4))?
-13
What is (29 - (43 - 17)) + (2 - -3)?
8
42 + -67 - (-21 - -1)
-5
Calculate (0 - 11) + (-15 - -30).
4
What is the value of -26 + 38 + 17 + -2 + -4?
23
What is the value of 16 + -19 - (-4 - 3)?
4
What is -8 + (14 + -16 - 0)?
-10
Evaluate -25 - -1 - (-801 - -784).
-7
Calculate -4 - (-2 + -9 - 8).
15
(6 + 1 - (-11 + 16 + -3)) + -20
-15
Calculate (-5 + 4 - -4) + 5 + (44 - 36).
16
-3 - -13 - (6 - -5) - (1 - -5)
-7
Calculate -6 + (-1 - (0 - -5) - (182 - 197)).
3
-12 + 4 - (-31 - (-6 - -1))
18
What is (7 - (21 - 9)) + -13?
-18
What is 6 - (2 - (1 - (-1 - -1))) - 1?
4
Calculate (-8 + -41 - -29) + 23.
3
What is the value of -4 - (31 + -28 + -29)?
22
Calculate 1 + -26 - (-110 + 99).
-14
-10 - 1 - (-2 + -8) - 7
-8
What is 3 + -8 + (20 - 8) + -36?
-29
Evaluate 2 + (-13 - (2 + -5)) + 10.
2
What is the value of -8 + ((4 - (-2 - -8)) + 2 - -2)?
-6
Evaluate -5 - -2 - (1 + (6 - (-11 + 16))).
-5
What is the value of -10 + -11 + -1 + 27?
5
Calculate (20 - 0) + (10 - (2 + 16)).
12
(-9 + 2 - (-2 + 12)) + 12
-5
Evaluate (426 - 425) + -1 + (-3 - (2 - -7)).
-12
What is (38 - 26) + -10 - 28?
-26
What is 9 + -2 + (-2 - 7) + (112 - 120)?
-10
Calculate -12 - (29 + -13) - -51.
23
Evaluate (-5 + 15 + -3 - 8) + -13.
-14
Calculate (-235 - -260) + (3 - (-7 + 1)).
34
What is 3 - -9 - (-195 + 213)?
-6
What is the value of -3 - (-11 - (9 - 6 - -5))?
16
-5 + 2 + (-2 - -9)
4
What is the value of (-26 - -34 - 25) + 13?
-4
Evaluate -6 + 0 + 11 + 0 - 3.
2
Evaluate 1 + (3 - (-1 + -2) - 23) + 8.
-8
What is 19 - (-6 - (-2 + -2)) - (-19 + 22)?
18
What is (-1 + -3 + -12 - (-23 + 23)) + 7?
-9
Calculate (-981 - -987) + (-24 + -1 - -2).
-17
What is (3 - 1) + (21 - (-6 + 32))?
-3
What is (-4 - -8 - (31 - 0)) + 27 + -19?
-19
What is the value of ((8 - 2) + -25 - -19) + (-4 - 1)?
-5
What is -14 - ((10 - 20) + 3)?
-7
Evaluate -6 - (-4 + -1 + 14 - 14).
-1
Evaluate (50 - 69) + (-5 - -15).
-9
(-5 - (-28 - -4)) + -5 - (48 - 39)
5
Evaluate 24 - (64 + 14 + -30).
-24
Evaluate (-12 - (-1 - 7)) + 11 + -10.
-3
Evaluate 1 - (27 + -3 - 14).
-9
1 + -14 - (16 + -21 + 2) - 2
-12
Calculate (10 - (-6 + 5 + 10)) + -1 + -6.
-6
What is 11 + (-21 - 12) + (4 - 1)?
-19
Calculate 0 + -12 + 8 + -2.
-6
Calculate (14 - (-3 + 18)) + (-1 - (-1 + 1)).
-2
Evaluate -11 - 0 - (1 + 6 + 26 + -38).
-6
Calculate 3 + (-5 - -3) - (17 - -19 - 13).
-22
Evaluate 18 + -8 + 11 + -22.
-1
Evaluate -77 + (42 - 0) + (22 - 4).
-17
Evaluate 3 - (1 + (-5 - (-7 - -9)) + 21).
-12
What is (6 - -1) + -1 - (69 + -52)?
-11
What is -17 + (-5 - (-15 - 10))?
3
-2 - -21 - (6 - 12 - 0 - -9)
16
0 - 14 - 1 - (10 - 0 - 10)
-15
4 - 0 - (105 - 105) - (-1 - -25)
-20
(-47 - -40) + (-7 + 5 - -6)
-3
What is 7 + (-5 - (-1 + -1 + -1 + 27))?
-22
-1 - 21 - (-32 + -19 - -50)
-21
-18 + -16 + 16 + (12 - 3)
-9
What is 9 - (-11 + (-9 + 58 - 6))?
-23
Evaluate 5 + -22 + (1 - -4) + 5.
-7
What is -1 - (-7 + 18 + 5 + -6)?
-11
What is 3 + 13 - (19 - -6)?
-9
Calculate (7 + -6 + -5 - -10) + -2.
4
What is the value of (16 - (-1 + 2 + (17 - 16))) + -6?
8
(-23 - -12 - (-2 + -6)) + 11
8
Calculate 6 + -9 - (-20 - -20).
-3
20 - (15 + -12 - (-2 - 3))
12
Calculate 20 + -24 - 53 - -35.
-22
Evaluate (28 - 1) + (122 + -118 - (-4 - -14)).
21
What is (-6 - -3) + (29 - 31)?
-5
Evaluate (-5 - (-16 + 6)) + 16 + -8.
13
Evaluate (10 - (-2 - -5) - 12) + 0 + 24.
19
Evaluate 6 - (-14 - (-20 + 10)).
10
What is the value of -5 + -4 + (11 - 4) + -10?
-12
What is -10 + 4 - ((0 - -6) + (89 - 94))?
-7
Evaluate -98 + 98 - (-16 - 1) - 12.
5
(-58 - -25) + 13 - -21
1
What is 10 - (26 + 27 + -31)?
-12
Evaluate -387 + 382 + 2 + (0 - 0) - 9.
-12
-20 + (28 + -15 - 7)
-14
What is the value of -54 - ((1 - -4) + -334 + 314)?
-39
What is the value of 24 + -17 + 0 + -11 + (0 - -2)?
-2
Calculate (-1 - 21) + (-8 - (4 + -9)) - -8.
-17
2 + (-24 - 4) + -9 + 13 - 7
-29
Evaluate (6 - (-3 - 0)) + -35 + 9.
-17
Evaluate 8 + (-6 - (4 + -21)).
19
What is 4 - (1 + (-13 - -5) - -27)?
-16
Calculate (-19 - -21) + (-2 - (14 + -3)).
-11
Evaluate -1 + -3 + -5 + 24 + -8.
7
What is the value of -1 + (2 - 4) + (-23 + 5 - -15)?
-6
-14 - (0 + -6 + 24 + -26)
-6
Evaluate -7 - -2 - (3 - 2) - (-7 - 14).
15
What is the value of 9 - (-3 + 18 + -15 - (2 - 3))?
8
-28 + 29 - (0 - 3 - (-7 - -1))
-2
What is the value of 8 - 1 - (-34 - (5 + -41))?
5
Calculate 258 - 256 - (1 - -8).
-7
Calculate (6 - (-6 + 4) - 0) + -13.
-5
What is 0 + 3 + -12 - -12 - -15?
18
What is the value of 7 + (-5 - -5 - 14 - -16)?
9
1 + -39 + (-806 - -834)
-10
Evaluate 0 - ((16 - 10) + -12 - 4).
10
What is -29 - (1 - (14 - -1 - (54 + -50)))?
-19
What is the value of (2 - (-1 - 6)) + (-97 - (-67 + 16))?
-37
What is the value of 12 + 4 + -9 - (-1 - 15)?
23
What is the value of (5 - -6) + -9 + 6?
8
What is the value of 50 - 16 - (2 - -27)?
5
Calculate 34 + (-35 - (-14 - 8)).
21
What is 5 - 3 - 5 - -12 - (5 - -24)?
-20
What is the value of -3 - -6 - (-10 - -38)?
-25
Evaluate -5 + 22 - 31 - (2 - (7 + 1)).
-8
What is (6 - 17 - -18 - 21) + 1 - -6?
-7
Calculate 28 - ((11 - 3) + (-3 - 9) + 6).
26
Evaluate 21 - (13 - (7 - 3)).
12
What is -3 + 21 + -19 + (1 - -6)?
6
Calculate 26 - (0 - -12) - 6.
8
What is the value of 1 - (10 + -19 - -14)?
-4
What is -19 + 9 - (-1 + -12)?
3
Evaluate (3 - -2) + -4 + 3 - 8.
-4
Evaluate (-50 - -40) + (14 - 8 - 20).
-24
Evaluate 1 + -13 + (-65 - -75) - -9.
7
Evaluate -75 - -1 - (671 + -706).
-39
What is -5 + (11 - 12) + 6 + 3?
3
Evaluate 18 - (4 - -5 - (-25 - -34)).
18
Evaluate -2 - (3 + (9 - 4 - 3) - 4).
-3
0 + (1 - -6 - 11) + -14
-18
Calculate 6 + -10 + 18 + -11.
3
Calculate (36 + -12 - 16) + 25.
33
What is the value of -1 + -33 + 4 - (-2 - (12 + -6))?
-22
7 - (10 - (8 + -3 + 0)) - -7
9
Calcul